{"id":4854,"date":"2021-05-04T19:09:00","date_gmt":"2021-05-04T23:09:00","guid":{"rendered":"https:\/\/henryjaustin.org\/?post_type=aiovg_videos&#038;p=4854"},"modified":"2021-05-05T12:03:19","modified_gmt":"2021-05-05T16:03:19","slug":"world-asthma-day","status":"publish","type":"aiovg_videos","link":"https:\/\/henryjaustin.org\/es\/aiovg_videos\/world-asthma-day\/","title":{"rendered":"D\u00eda Mundial del Asma"},"content":{"rendered":"<div class=\"kvgmc6g5 cxmmr5t8 oygrvhab hcukyx3x c1et5uql\">\n<div dir=\"auto\">\u00danase a nuestro Programa El Asma Mejora con el Manejo (AIM) el martes 4 de mayo a las 6 PM mientras discuten c\u00f3mo entender mejor el asma, identificar los desencadenantes y manejar el asma de su hijo. Los presentadores incluyen a Margaret Vasil, AE-C, Educadora Certificada en Asma, y Ashley Gonz\u00e1lez, Especialista en Salud Cl\u00ednica de la Comunidad AIM.<\/div>\n<\/div>\n<div class=\"o9v6fnle cxmmr5t8 oygrvhab hcukyx3x c1et5uql\">\n<div dir=\"auto\">Si quieres m\u00e1s informaci\u00f3n sobre nuestro programa o simplemente tienes preguntas sobre el asma, nos encantar\u00eda que nos las hicieras llegar. No dudes en enviar las preguntas que quieras que se traten durante el evento a media@henryjaustin.org.<\/div>\n<\/div>\n<div class=\"o9v6fnle cxmmr5t8 oygrvhab hcukyx3x c1et5uql\">\n<div dir=\"auto\">AIM ha sido financiado por HRSA, The Horizon Foundation, The Nicholson Foundation, NJ Department of Health, Children's Health Fund.<\/div>\n<\/div>\n<div class=\"o9v6fnle cxmmr5t8 oygrvhab hcukyx3x c1et5uql\">\n<div dir=\"auto\">\u00danase a nuestro programa Asthma Improves with Management (AIM) para el manejo del asma el martes, 4 de mayo, a las 6 p. m., mientras hablan de c\u00f3mo comprender mejor el asma, identificar desencadenantes, y controlar el asma de sus hijos. Entre los presentadores se encuentran Margaret Vasil, AE-C, educadora acreditada especializada en asma, y Ashley Gonzalez, especialista cl\u00ednica en salud comunitaria del programa AIM.<\/div>\n<\/div>\n<div class=\"o9v6fnle cxmmr5t8 oygrvhab hcukyx3x c1et5uql\">\n<div dir=\"auto\">Si desea m\u00e1s informaci\u00f3n sobre nuestro programa o simplemente tiene preguntas sobre el asma, \u00a1nos encantar\u00eda saber de usted! No dude en enviar preguntas que desea contestar durante el evento, a media@henryjaustin.org.<\/div>\n<\/div>\n<div class=\"o9v6fnle cxmmr5t8 oygrvhab hcukyx3x c1et5uql\">\n<div dir=\"auto\">El programa AIM ha sido financiado por la Administraci\u00f3n de Recursos y Servicios de Salud (HRSA), The Horizon Foundation, The Nicholson Foundation, el Departamento de Salud de NJ, Children's Health Fund.<\/div>\n<\/div>","protected":false},"excerpt":{"rendered":"<p>\u00danase a nuestro Programa de Asma Mejora con el Manejo (AIM) el martes, 4 de mayo a las 6 PM mientras discuten c\u00f3mo entender mejor el asma, identificar los desencadenantes y manejar el asma de su hijo. Los presentadores incluyen a Margaret Vasil, AE-C, Educadora de Asma Certificada, y Ashley Gonz\u00e1lez,...<\/p>","protected":false},"author":18,"comment_status":"closed","ping_status":"closed","template":"","aiovg_categories":[],"aiovg_tags":[],"class_list":["post-4854","aiovg_videos","type-aiovg_videos","status-publish","has-post-thumbnail","hentry"],"acf":[],"yoast_head":"<!-- This site is optimized with the Yoast SEO plugin v27.4 - https:\/\/yoast.com\/product\/yoast-seo-wordpress\/ -->\n<title>World Asthma Day - Henry J. Austin Health Center<\/title>\n<meta name=\"robots\" content=\"index, follow, max-snippet:-1, max-image-preview:large, max-video-preview:-1\" \/>\n<link rel=\"canonical\" href=\"https:\/\/henryjaustin.org\/es\/aiovg_videos\/world-asthma-day\/\" \/>\n<meta property=\"og:locale\" content=\"es_MX\" \/>\n<meta property=\"og:type\" content=\"article\" \/>\n<meta property=\"og:title\" content=\"World Asthma Day - Henry J. Austin Health Center\" \/>\n<meta property=\"og:description\" content=\"Join our Asthma Improves with Management (AIM) Program Tuesday, May 4 at 6 PM as they discuss how to better understand asthma, identify triggers, and manage your child\u2019s asthma. Presenters include Margaret Vasil, AE-C, Certified Asthma Educator, and Ashley Gonzalez,...\" \/>\n<meta property=\"og:url\" content=\"https:\/\/henryjaustin.org\/es\/aiovg_videos\/world-asthma-day\/\" \/>\n<meta property=\"og:site_name\" content=\"Henry J. Austin Health Center\" \/>\n<meta property=\"article:publisher\" content=\"https:\/\/www.facebook.com\/HJAHCNJ\/\" \/>\n<meta property=\"article:modified_time\" content=\"2021-05-05T16:03:19+00:00\" \/>\n<meta name=\"twitter:card\" content=\"summary_large_image\" \/>\n<meta name=\"twitter:site\" content=\"@HJAHC\" \/>\n<meta name=\"twitter:label1\" content=\"Tiempo de lectura\" \/>\n\t<meta name=\"twitter:data1\" content=\"1 minuto\" \/>\n<script type=\"application\/ld+json\" class=\"yoast-schema-graph\">{\"@context\":\"https:\\\/\\\/schema.org\",\"@graph\":[{\"@type\":\"WebPage\",\"@id\":\"https:\\\/\\\/henryjaustin.org\\\/aiovg_videos\\\/world-asthma-day\\\/\",\"url\":\"https:\\\/\\\/henryjaustin.org\\\/aiovg_videos\\\/world-asthma-day\\\/\",\"name\":\"World Asthma Day - Henry J. Austin Health Center\",\"isPartOf\":{\"@id\":\"https:\\\/\\\/henryjaustin.org\\\/#website\"},\"datePublished\":\"2021-05-04T23:09:00+00:00\",\"dateModified\":\"2021-05-05T16:03:19+00:00\",\"breadcrumb\":{\"@id\":\"https:\\\/\\\/henryjaustin.org\\\/aiovg_videos\\\/world-asthma-day\\\/#breadcrumb\"},\"inLanguage\":\"es\",\"potentialAction\":[{\"@type\":\"ReadAction\",\"target\":[\"https:\\\/\\\/henryjaustin.org\\\/aiovg_videos\\\/world-asthma-day\\\/\"]}]},{\"@type\":\"BreadcrumbList\",\"@id\":\"https:\\\/\\\/henryjaustin.org\\\/aiovg_videos\\\/world-asthma-day\\\/#breadcrumb\",\"itemListElement\":[{\"@type\":\"ListItem\",\"position\":1,\"name\":\"Home\",\"item\":\"https:\\\/\\\/henryjaustin.org\\\/\"},{\"@type\":\"ListItem\",\"position\":2,\"name\":\"Videos\",\"item\":\"https:\\\/\\\/henryjaustin.org\\\/aiovg_videos\\\/\"},{\"@type\":\"ListItem\",\"position\":3,\"name\":\"World Asthma Day\"}]},{\"@type\":\"WebSite\",\"@id\":\"https:\\\/\\\/henryjaustin.org\\\/#website\",\"url\":\"https:\\\/\\\/henryjaustin.org\\\/\",\"name\":\"Henry J. Austin Health Center\",\"description\":\"The Center for Wellness\",\"publisher\":{\"@id\":\"https:\\\/\\\/henryjaustin.org\\\/#organization\"},\"potentialAction\":[{\"@type\":\"SearchAction\",\"target\":{\"@type\":\"EntryPoint\",\"urlTemplate\":\"https:\\\/\\\/henryjaustin.org\\\/?s={search_term_string}\"},\"query-input\":{\"@type\":\"PropertyValueSpecification\",\"valueRequired\":true,\"valueName\":\"search_term_string\"}}],\"inLanguage\":\"es\"},{\"@type\":\"Organization\",\"@id\":\"https:\\\/\\\/henryjaustin.org\\\/#organization\",\"name\":\"Henry J. Austin Health Center\",\"url\":\"https:\\\/\\\/henryjaustin.org\\\/\",\"logo\":{\"@type\":\"ImageObject\",\"inLanguage\":\"es\",\"@id\":\"https:\\\/\\\/henryjaustin.org\\\/#\\\/schema\\\/logo\\\/image\\\/\",\"url\":\"https:\\\/\\\/henryjaustin.org\\\/wp-content\\\/uploads\\\/2020\\\/11\\\/hjahc.png\",\"contentUrl\":\"https:\\\/\\\/henryjaustin.org\\\/wp-content\\\/uploads\\\/2020\\\/11\\\/hjahc.png\",\"width\":512,\"height\":512,\"caption\":\"Henry J. Austin Health Center\"},\"image\":{\"@id\":\"https:\\\/\\\/henryjaustin.org\\\/#\\\/schema\\\/logo\\\/image\\\/\"},\"sameAs\":[\"https:\\\/\\\/www.facebook.com\\\/HJAHCNJ\\\/\",\"https:\\\/\\\/x.com\\\/HJAHC\",\"https:\\\/\\\/www.instagram.com\\\/hjahc\\\/\",\"https:\\\/\\\/www.linkedin.com\\\/company\\\/henry-j-austin-health-center\"]}]}<\/script>\n<!-- \/ Yoast SEO plugin. -->","yoast_head_json":{"title":"D\u00eda Mundial del Asma - Centro de Salud Henry J. Austin","robots":{"index":"index","follow":"follow","max-snippet":"max-snippet:-1","max-image-preview":"max-image-preview:large","max-video-preview":"max-video-preview:-1"},"canonical":"https:\/\/henryjaustin.org\/es\/aiovg_videos\/world-asthma-day\/","og_locale":"es_MX","og_type":"article","og_title":"World Asthma Day - Henry J. Austin Health Center","og_description":"Join our Asthma Improves with Management (AIM) Program Tuesday, May 4 at 6 PM as they discuss how to better understand asthma, identify triggers, and manage your child\u2019s asthma. Presenters include Margaret Vasil, AE-C, Certified Asthma Educator, and Ashley Gonzalez,...","og_url":"https:\/\/henryjaustin.org\/es\/aiovg_videos\/world-asthma-day\/","og_site_name":"Henry J. Austin Health Center","article_publisher":"https:\/\/www.facebook.com\/HJAHCNJ\/","article_modified_time":"2021-05-05T16:03:19+00:00","twitter_card":"summary_large_image","twitter_site":"@HJAHC","twitter_misc":{"Tiempo de lectura":"1 minuto"},"schema":{"@context":"https:\/\/schema.org","@graph":[{"@type":"WebPage","@id":"https:\/\/henryjaustin.org\/aiovg_videos\/world-asthma-day\/","url":"https:\/\/henryjaustin.org\/aiovg_videos\/world-asthma-day\/","name":"D\u00eda Mundial del Asma - Centro de Salud Henry J. Austin","isPartOf":{"@id":"https:\/\/henryjaustin.org\/#website"},"datePublished":"2021-05-04T23:09:00+00:00","dateModified":"2021-05-05T16:03:19+00:00","breadcrumb":{"@id":"https:\/\/henryjaustin.org\/aiovg_videos\/world-asthma-day\/#breadcrumb"},"inLanguage":"es","potentialAction":[{"@type":"ReadAction","target":["https:\/\/henryjaustin.org\/aiovg_videos\/world-asthma-day\/"]}]},{"@type":"BreadcrumbList","@id":"https:\/\/henryjaustin.org\/aiovg_videos\/world-asthma-day\/#breadcrumb","itemListElement":[{"@type":"ListItem","position":1,"name":"Home","item":"https:\/\/henryjaustin.org\/"},{"@type":"ListItem","position":2,"name":"Videos","item":"https:\/\/henryjaustin.org\/aiovg_videos\/"},{"@type":"ListItem","position":3,"name":"World Asthma Day"}]},{"@type":"WebSite","@id":"https:\/\/henryjaustin.org\/#website","url":"https:\/\/henryjaustin.org\/","name":"Centro de Salud Henry J. Austin","description":"El Centro para el Bienestar","publisher":{"@id":"https:\/\/henryjaustin.org\/#organization"},"potentialAction":[{"@type":"SearchAction","target":{"@type":"EntryPoint","urlTemplate":"https:\/\/henryjaustin.org\/?s={search_term_string}"},"query-input":{"@type":"PropertyValueSpecification","valueRequired":true,"valueName":"search_term_string"}}],"inLanguage":"es"},{"@type":"Organization","@id":"https:\/\/henryjaustin.org\/#organization","name":"Centro de Salud Henry J. Austin","url":"https:\/\/henryjaustin.org\/","logo":{"@type":"ImageObject","inLanguage":"es","@id":"https:\/\/henryjaustin.org\/#\/schema\/logo\/image\/","url":"https:\/\/henryjaustin.org\/wp-content\/uploads\/2020\/11\/hjahc.png","contentUrl":"https:\/\/henryjaustin.org\/wp-content\/uploads\/2020\/11\/hjahc.png","width":512,"height":512,"caption":"Henry J. Austin Health Center"},"image":{"@id":"https:\/\/henryjaustin.org\/#\/schema\/logo\/image\/"},"sameAs":["https:\/\/www.facebook.com\/HJAHCNJ\/","https:\/\/x.com\/HJAHC","https:\/\/www.instagram.com\/hjahc\/","https:\/\/www.linkedin.com\/company\/henry-j-austin-health-center"]}]}},"_links":{"self":[{"href":"https:\/\/henryjaustin.org\/es\/wp-json\/wp\/v2\/aiovg_videos\/4854","targetHints":{"allow":["GET"]}}],"collection":[{"href":"https:\/\/henryjaustin.org\/es\/wp-json\/wp\/v2\/aiovg_videos"}],"about":[{"href":"https:\/\/henryjaustin.org\/es\/wp-json\/wp\/v2\/types\/aiovg_videos"}],"author":[{"embeddable":true,"href":"https:\/\/henryjaustin.org\/es\/wp-json\/wp\/v2\/users\/18"}],"replies":[{"embeddable":true,"href":"https:\/\/henryjaustin.org\/es\/wp-json\/wp\/v2\/comments?post=4854"}],"wp:attachment":[{"href":"https:\/\/henryjaustin.org\/es\/wp-json\/wp\/v2\/media?parent=4854"}],"wp:term":[{"taxonomy":"aiovg_categories","embeddable":true,"href":"https:\/\/henryjaustin.org\/es\/wp-json\/wp\/v2\/aiovg_categories?post=4854"},{"taxonomy":"aiovg_tags","embeddable":true,"href":"https:\/\/henryjaustin.org\/es\/wp-json\/wp\/v2\/aiovg_tags?post=4854"}],"curies":[{"name":"wp","href":"https:\/\/api.w.org\/{rel}","templated":true}]}}

Día Mundial del Asma

<div class="kvgmc6g5 cxmmr5t8 oygrvhab hcukyx3x c1et5uql">
<div dir="auto">Únase a nuestro Programa El Asma Mejora con el Manejo (AIM) el martes 4 de mayo a las 6 PM mientras discuten cómo entender mejor el asma, identificar los desencadenantes y manejar el asma de su hijo. Los presentadores incluyen a Margaret Vasil, AE-C, Educadora Certificada en Asma, y Ashley González, Especialista en Salud Clínica de la Comunidad AIM.</div>
</div>
<div class="o9v6fnle cxmmr5t8 oygrvhab hcukyx3x c1et5uql">
<div dir="auto">Si quieres más información sobre nuestro programa o simplemente tienes preguntas sobre el asma, nos encantaría que nos las hicieras llegar. No dudes en enviar las preguntas que quieras que se traten durante el evento a media@henryjaustin.org.</div>
</div>
<div class="o9v6fnle cxmmr5t8 oygrvhab hcukyx3x c1et5uql">
<div dir="auto">AIM ha sido financiado por HRSA, The Horizon Foundation, The Nicholson Foundation, NJ Department of Health, Children's Health Fund.</div>
</div>
<div class="o9v6fnle cxmmr5t8 oygrvhab hcukyx3x c1et5uql">
<div dir="auto">Únase a nuestro programa Asthma Improves with Management (AIM) para el manejo del asma el martes, 4 de mayo, a las 6 p. m., mientras hablan de cómo comprender mejor el asma, identificar desencadenantes, y controlar el asma de sus hijos. Entre los presentadores se encuentran Margaret Vasil, AE-C, educadora acreditada especializada en asma, y Ashley Gonzalez, especialista clínica en salud comunitaria del programa AIM.</div>
</div>
<div class="o9v6fnle cxmmr5t8 oygrvhab hcukyx3x c1et5uql">
<div dir="auto">Si desea más información sobre nuestro programa o simplemente tiene preguntas sobre el asma, ¡nos encantaría saber de usted! No dude en enviar preguntas que desea contestar durante el evento, a media@henryjaustin.org.</div>
</div>
<div class="o9v6fnle cxmmr5t8 oygrvhab hcukyx3x c1et5uql">
<div dir="auto">El programa AIM ha sido financiado por la Administración de Recursos y Servicios de Salud (HRSA), The Horizon Foundation, The Nicholson Foundation, el Departamento de Salud de NJ, Children's Health Fund.</div>
</div>

<p>Únase a nuestro Programa de Asma Mejora con el Manejo (AIM) el martes, 4 de mayo a las 6 PM mientras discuten cómo entender mejor el asma, identificar los desencadenantes y manejar el asma de su hijo. Los presentadores incluyen a Margaret Vasil, AE-C, Educadora de Asma Certificada, y Ashley González,...</p>

Día Mundial del Asma - Centro de Salud Henry J. Austin
